ue of -6 + 8 + 6 + -7 + 4?
5
Evaluate -4 - (2 - 1) - (-5 - -1).
-1
What is the value of 2 - -1 - 6 - (4 - 8)?
1
(0 - 4) + 5 - (3 - -4)
-6
What is -10 + 5 + 6 - -2 - 3?
0
Evaluate (-2 + -2 - -4) + 3.
3
Evaluate (-17 - (-5 - -1) - -4) + 3.
-6
What is 4 + (-8 - -2) + 0?
-2
Calculate 4 + 0 + -79 + 72.
-3
Evaluate 2 - (3 - (-5 + 4)).
-2
Evaluate 6 + (-7 - (1 - 1)) + 0.
-1
Evaluate (-4 - (-2 + 1)) + 5.
2
What is the value of -4 + 3 + 1 + -3?
-3
What is 4 + (4 + 1 + -4 - 3)?
2
Evaluate (24 - 1 - 14) + -14.
-5
4 + 0 + -4 + 4
4
What is 1 + -2 - (7 + (-7 - 1))?
0
3 - (3 + -11 + 17)
-6
Evaluate 5 + (-5 + 6 - 4).
2
(-1 - 1 - 1) + (2 - 1)
-2
What is (-7 - -12) + 7 + 0 + -6?
6
Calculate 1 - (-1 + 2 - (6 + -1)).
5
What is the value of (1 - (-3 + 5 + 0)) + 4?
3
What is the value of -7 - (-13 + 6 - -7)?
-7
Evaluate 1 + -1 + 3 - 0 - 4.
-1
Calculate (-11 - -6) + (1 - (0 + -9)).
5
Evaluate (-2 + (-1 - 0) - -5) + 1.
3
What is 2 + 0 + -12 + (-6 - -15)?
-1
What is (-23 - -31) + (3 - (14 - 1))?
-2
(-2 - -2 - 7) + -12 + 15
-4
What is -3 - (2 + 3 - (7 + 0))?
-1
Calculate -5 + (6 - 2) + -5 + 1.
-5
Evaluate 8 + 0 - (43 + -43).
8
What is 3 + 1 + (-206 - -207)?
5
Evaluate 3 - (2 - (1 + -4 + -1)).
-3
-2 + (-12 - -19) - -6
11
Calculate (-3 - 3) + -2 + 4 + 1.
-3
1 + 6 + 2 + -9
0
What is the value of 188 - 178 - (-1 + 7)?
4
Evaluate -3 + -1 + (2 - (-4 + -1)).
3
-5 - (-6 + 1 - -4)
-4
Evaluate -6 + -8 + 0 + 11.
-3
What is the value of 9 - (3 + 1 + 1)?
4
Calculate (-3 - 0 - -1) + 1 + 2.
1
Calculate -11 + ((-1 - -10) + -4 - -2).
-4
What is the value of 18 + (1 - 25) - (0 + 3)?
-9
4 + (-5 - 0 - -6)
5
Calculate (0 - -1) + 14 + -19 + 4.
0
What is (-2 - (-6 - 6)) + -17?
-7
What is the value of -1 + 3 - (-5 - -3)?
4
Evaluate 4 + -1 - (12 + -6 + -5).
2
Evaluate 1 + -2 + -31 + 33.
1
Calculate -1 - 10 - (-30 - -20).
-1
-7 - (-1 - (3 - 2))
-5
Evaluate -4 + 5 + -1 + 4.
4
Evaluate 7 + (-10 - (-9 - -10)).
-4
Calculate -2 + 2 + -1 + 0 + 6.
5
Evaluate -5 - (-11 + 6 - 1).
1
What is the value of 3 + 0 + -1 - (24 + -13)?
-9
Calculate -2 + -3 - (1 - 7).
1
Calculate -3 + -3 + 10 + 1.
5
Calculate -12 - (-3 - (-3 - -7)).
-5
What is -4 - (2 - (6 + -2))?
-2
What is -2 + -1 + (3 - -2)?
2
Calculate -9 - ((4 - 1) + (-13 - -8)).
-7
Evaluate 2 + -7 + -1 - 1.
-7
Evaluate (-4 - (8 + -13)) + (3 - -1).
5
3 - (3 + -4 - -2) - -3
5
(-11 - -8) + 2 + 0
-1
What is the value of (-33 - -30) + (3 - -1)?
1
Calculate (-3 - (-2 - -1)) + (0 - -4).
2
What is 6 + (-3 + -2 - (3 - 6))?
4
Calculate (1 - (6 + -3)) + 5.
3
What is the value of (7 - 10 - (1 + -3)) + -2?
-3
What is 3 + (5 - 1) + 0?
7
Calculate 0 + 1 - (-2 - -4).
-1
What is -3 + -13 + 8 - -8?
0
What is the value of 4 + -3 + -7 + 0 + 1?
-5
Evaluate 1 - -1 - 1 - (-2 - 1).
4
Calculate (-12 - -18 - 9) + (-1 - -10).
6
What is the value of 4 + (7 + -5 - -5) + -14?
-3
Evaluate 0 + (3 + -4 - -4).
3
-1 + 2 + 0 + (84 - 91)
-6
4 + -6 + 7 + -1
4
10 + -11 - -16 - (-1 - -6)
10
Calculate 1 - (6 + -4 + (4 - 3)).
-2
What is 1 + (2 - (1 + 5)) + 4?
1
What is the value of 6 - 11 - (1 + -10)?
4
Evaluate 0 - ((-1 - -5) + (-3 - 2)).
1
(-3 + 3 - 1) + -4
-5
Calculate (-2 - -7) + (2 - 5).
2
Evaluate -14 + 18 + -20 - (-6 - 1).
-9
What is the value of -2 + 1 + -1 - (7 + -10)?
1
4 + -1 + -7 - -3
-1
Calculate 2 + -1 - (-39 - -36).
4
Calculate -3 + (8 - 4 - -1).
2
What is -2 - (7 - (-4 - -12 - 4))?
-5
Calculate 16 + (-6 - 2) - 9.
-1
Calculate 5 + (2 - (17 + -5)) + 0.
-5
Calculate -11 - (4 - 19) - (-6 + 2).
8
What is the value of -11 + 15 + -8 - (-2 + 0)?
-2
Evaluate 4 + -1 - (-4 + 16 + -16).
7
-2 + (-2 + -1 - -1) + 1
-3
(-3 + 0 - -3) + 39 + -40
-1
What is the value of -36 + 16 - (-1 + -11)?
-8
What is (-26 - (1 - 22)) + (0 - 0)?
-5
Evaluate -6 - (3 - (11 + 3)).
5
What is the value of (-2 - -7) + 4 + 4 - 5?
8
What is 3 - ((0 - (-1 + -2)) + -5)?
5
What is the value of (4 - 3) + 3 + 0?
4
(-5 + 3 - (-15 + 13)) + -8
-8
-7 + (11 - 0 - 12)
-8
Calculate 9 + -6 + 0 + -3.
0
What is the value of -1 - 1 - (-5 + -5 + 12)?
-4
Evaluate (3 - (-1 + 8)) + 7.
3
What is (-3 - -1) + -2 + 2 + -3?
-5
What is -3 + -1 + (-26 - -21) + 2?
-7
What is the value of -4 - -2 - (-8 + (-1 - -2))?
5
-5 + 4 + (4 - 3) - -3
3
Evaluate 30 + -33 - (-9 + 0).
6
Evaluate (3 + -6 + 7 - -6) + -7.
3
What is 0 + (-4 - -3) - (2 + 4)?
-7
What is the value of 4 + (7 - 4) + -10?
-3
5 - (-5 - -4) - 6
0
What is 3 + (4 - 3 - 0) + -7?
-3
What is -11 + (3 - -10) + -3?
-1
What is 2 + 3 + -3 - (-5 + 2)?
5
What is the value of 4 + (-13 - -4) + -2 + 6?
-1
3 - -6 - (6 - (0 - -2))
5
What is the value of 2 + -6 + 1 + 2 + -4?
-5
Evaluate -1 - -5 - ((9 - 8) + 0).
3
What is -4 + 1 - (57 + -67)?
7
2 + -3 + (-3 - 1 - -1)
-4
6 - (-5 + 6) - 7
-2
What is 4 + -6 - (-6 + -4)?
8
Evaluate -1 + 2 + -4 + (3 - -2).
2
Calculate 3 - ((-1 - -3) + -3).
4
What is 2 - -3 - 0 - (80 - 83)?
8
Evaluate 2 - (49 + -44 + -11 + 1).
7
-6 - (-4 + 8 - 6)
-4
Calculate 2 - (-3 + (4 - -3)) - -5.
3
Evaluate -5 + 0 + -4 - -5.
-4
What is 5 + (9 + -12 - -5)?
7
What is the value of -1 - (-1 + 0 + -48 + 42)?
6
What is the value of 2 - (-10 + 5) - 7?
0
-5 - (-6 - -3 - 2)
0
-3 - -6 - ((2 - 4) + 0)
5
33 + -18 + -3 + -10
2
What is the value of -11 + 9 - (2 + -6)?
2
What is the value of -1 - (-1 - (-2 - (-6 + 7)))?
-3
What is the value of -3 + (-2 - (1 - 1 - 3))?
-2
Evaluate (16 - (18 + -7)) + -1.
4
Calculate 4 - (4 - 8 - -2).
6
What is (-245 - -249) + (-1 - 13)?
-10
What is 1 + (2 - 15) + 1 + 6?
-5
-12 + 1 + -1 + (28 - 26)
-10
Evaluate 0 - (-9 + 6 - -3).
0
1 - 5 - -3 - 1
-2
What is -1 - (-4 - -3 - -3)?
-3
Calculate -4 + (-6 + 5 + 3 - 7).
-9
Evaluate -5 - ((4 - 3) + 2 + -7).
-1
Calculate (-11 - -2) + 5 - (-11 - -2).
5
What is 3 + -2 + -4 + 0?
-3
What is the value of (-4 - (-1 + 1)) + (89 - 90)?
-5
Evaluate -3 - (-5 + (2 - 4)).
4
What is the value of 0 + 0 + -1 - -2?
1
Evaluate (-6 - (-2 + 0 + 3)) + 3.
-4
What is 1 + (-14 - -8) + 3 + 5?
3
What is 2 - (-4 - (-2 - -3 - 5))?
2
What is 1 - ((5 + -6 - -4) + 2)?
-4
Calculate 7 - 12 - (1 - 3).
-3
What is the value of -6 - (-9 - (-9 + 7))?
1
(-5 - (-18 + 8)) + -3
2
What is the value of -9 + (0 + 5 - (27 - 24))?
-7
Evaluate 5 + -6 + 3 - (1 + -2).
3
What is 9 + (4 - (-4 + 7)) + -5?
5
5 + (-2 + -3 - 0)
0
Evaluate -5 - (-3 + 1 - (4 + -7)).
-6
Calculate (22 + -22 - (1 - 0)) + -1.
-2
-5 + 1 + 5 + 3 + -2
2
Evaluate (2 - 7) + 3 - (5 - 8).
1
Evaluate 2 - (-2 - (2 - 2)) - -2.
6
Calculate (-153 - -155) + 0 + -2.
0
Calculate -1 - -1 - (49 + -54).
5
What is the value of (4 - 11 - 0) + 3 + 5?
1
What is the value of -3 - -3 - (11 - (21 - 11))?
-1
Calculate (-1 - 0) + 5 - (-5 + 2).
7
What is 2 - ((3 - 1) + 2 + 2)?
-4
What is the value of (16 + -10 - (11 + -3)) + 7?
5
-4 + (3 + 1 - 4) + 9
5
31 + -38 - (-3 + 4)
-8
What is the value of -1 + 0 + -2 + 1?
-2
What is -6 + 9 - (16 - 11)?
-2
Evaluate 2 + (-5 - -2 - -3) + 1.
3
What is -12 + 0 + (4 - -6)?
-2
Evaluate (-3 - -3 - (-2 + 5)) + 6.
3
1 - (-5 + 4 - 1)
3
What is the value of (1 - 0 - -2 - 0) + -1?
2
Calculate -6 + 3 + -1 + 1.
-3
(-2 + -1 - -10) + (2 - 5)
4
-7 + 5 + (-1 - -2)
-1
Evaluate (6 - (-8 - -15)) + -7.
-8
What is -2 + -1 + (-1 - -3 - 1)?
-2
Calculate -30 + 32 + (2 - 11).
-7
Evaluate (-5 - -3) + 4 + -4 + 6.
4
Evaluate (-1 - -10) + -3 + -3 + 1.
4
What is the value of 2 - -3 - (-3 - -7) - 2?
-1
Calculate 7 - 1 - (18 - (21 + -7)).
2
What is 1 - 2 - (5 - 7) - 2?
-1
(-1 - -9) + -4 - 15
-11
(-7 - -3) + 5 + -2
-1
Calculate -4 + (-2 - -4 - -1).
-1
What is (-8 - -5) + (-1 - 4)?
-8
3 + (2 - (-2 - (-3 - 3)))
1
What is the value of (5 - -5 - 5) + 4 + -3?
6
Calculate -15 + 6 - -5 - (1 + -5).
0
(-2 - (-1 - 4)) + -22 + 20
1
Evaluate (1 - -3) + -4 + -1.
-1
Calculate 3 - 7 - (-20 + 19).
-3
Calculate 0 - (3 + (2 - 1) + 0).
-4
Calculate (3 - -1) + 8 + -13.
-1
-3 + (6 + -5 - 0) + -5
-7
What is 6 + 3 + 0 + -5?
4
Evaluate -5 + (-4 - (4 - (-1 + 9))).
-5
Calculate 48 + -51 - (0 - (0 + -1)).
-4
Evaluate (-6 - -7 - 1) + -3.
-3
Calculate 3 + 8 + -5 + -1 + -1.
4
-1 + 4 - ((-3 - -5) + 3)
-2
Calculate 8 + 1 - (135 - 129).
3
Calculate (-3 - (0 + -2)) + -3 - 1.
-5
What is the value of 0 + 2 - (1 + -5 + 3)?
3
-4 - -3 - (3 - 6) - -1
3
What is the value of -5 + 8 + -2 + 1 - -1?
3
(-5 - -2) + -9 + 7 + 2
-3
Evaluate 39 + -37 - (6 - (-1 + 1)).
-4
What is (8 - (4 + -8 + 9)) + -4?
-1
What is -4 + 1 + 5 + -4?
-2
What is the value of 2 + (-7 - -6) - 3?
-2
What is